 n*y(u) - 3*x(u). Give l(0).
15
Let g(d) = 8*d - 38. Suppose -49 = -1308*k + 1301*k. Determine g(k).
18
Let r = 1415 - 1419. Let h(b) = b**2 + 2*b - 6. Calculate h(r).
2
Let k(m) = -5*m**3 - 4*m**2 + 2*m + 5. Let f(u) = u**3 - u. Let t(g) = 6*f(g) + k(g). Suppose 3*c + 5*i - 15 = -48, 2*i = -3*c - 6. Calculate t(c).
-11
Let j(f) = 3*f**2 + 1. Let h(r) = -12*r - 29. Let p(z) = 11*z + 29. Let l(x) = -3*h(x) - 2*p(x). Let i be l(-2). Determine j(i).
4
Let m = -10 + 9. Let f(c) = -3*c - 70. Let n be f(-24). Let h(g) = 7*g + n + 2 - 4. Give h(m).
-7
Let g(k) = -k + 1. Let v be g(-4). Suppose 0*q + 91 = 13*q. Let i(y) = -q + 0 + 10 - y. Calculate i(v).
-2
Let p(m) = m - 7. Let o(w) = 20. Let g(s) = o(s) - p(s). Give g(24).
3
Let h(w) = 6*w + 5. Let q = 930 - 870. Suppose -q = -16*g + 20. Give h(g).
35
Suppose -2*x + 15 = -v, 17*x - 12*x = -4*v + 18. Let k(t) = -57*t**2 - t + 111*t**2 - 3*t - x - 53*t**2. Give k(7).
15
Let n(q) = -q**3 + 30*q**2 + q - 37. Suppose 6*j - 183 = g, 0 = -3*j + 9*g - 11*g + 84. Calculate n(j).
-7
Let j(v) be the third derivative of -v**6/120 + 7*v**5/15 - 13*v**4/6 + 8*v**3/3 + 8877*v**2. Calculate j(26).
16
Let r(j) = j + 7. Suppose 2*p + 348 + 156 = 0. Let a = 240 + p. Calculate r(a).
-5
Let p(l) = 0*l + 12*l**2 + 5*l**2 - l. Let t = 88 - 79. Suppose -t*s = 15*s - 24. Calculate p(s).
16
Suppose -25 = -5*p, -35*w + 28 = -36*w + 3*p. Let j = 21 + w. Let i(o) = -o**3 + 7*o**2 + 9*o - 10. Calculate i(j).
-2
Let j(h) = -6*h. Let n(r) = r**3 + 4*r**2 - 12*r + 4. Let o be n(2). Let a(p) = 3*p - 13. Let l be a(o). Give j(l).
6
Let h(v) = -7*v - 3. Let n(u) = 7*u + 1. Let o(t) = 5*h(t) + 8*n(t). Calculate o(-4).
-91
Let w(q) = 4*q**2 - 49*q + 81. Let j(l) = l**2 - 12*l + 21. Let y(b) = 9*j(b) - 2*w(b). Determine y(8).
11
Let a(k) = -13*k**3 + 18*k**2 + 69*k + 87. Let g(i) = -28*i**3 + 34*i**2 + 139*i + 183. Let f(c) = -13*a(c) + 6*g(c). Determine f(32).
-1
Let f(v) be the third derivative of v**4/24 + 8*v**3/3 - 253892*v**2 - v. Suppose 0 = 3*u - 7*u. Determine f(u).
16
Let h(l) be the second derivative of -l**6/120 + l**5/20 - l**4/6 + l**3/2 - 6*l**2 + 127*l. Let g(b) be the first derivative of h(b). Give g(3).
-9
Let n(f) = -f + 190. Let u(s) = 96. Let q(z) = 5*n(z) - 9*u(z). Determine q(16).
6
Let x(c) be the third derivative of -c**6/120 + c**5/4 - 7*c**4/4 - 19*c**3/6 - 27*c**2 - 9. Give x(11).
3
Let f(b) = 9*b**2 - 7*b - 4451 - 3*b**3 - 17*b**2 - 12*b**2 + 4452 + 6*b**3. Give f(7).
1
Let o(y) = 17*y**2 + 4*y - 5. Let i = -26486 - -26488. Give o(i).
71
Let n be (-4)/(-6) - (-4)/(-6). Let d(q) = -11*q**3 - q**2 + 150*q - 17. Let t(k) = -2*k**3 + 25*k - 2. Let v(f) = -d(f) + 6*t(f). Determine v(n).
5
Let w = -276 + 279. Let r(k) = 4*k**w - 4*k**3 + 21*k**2 + 4*k - k**3 + 6 - 16*k**2. Suppose 0 = -o + 3*o - 5*n + 13, -5*n = -4*o - 1. Calculate r(o).
-6
Let z(f) = 6*f**3 - 4*f**2 + 11. Let j(b) = 5*b**3 - 3*b**2 + 10. Let q = -3 - 2. Let a(y) = q*j(y) + 4*z(y). Suppose 91 - 91 = -5*u. What is a(u)?
-6
Let h(y) = -18 + 9*y + 10 + 2 - y**2. Let o(x) = x**3 + 34*x**2 + 30*x - 90. Let w be o(-33). Determine h(w).
-6
Let o(z) be the second derivative of z**4/3 - 43*z**3/6 - 7*z**2 - 358*z - 1. Determine o(11).
-3
Let u(i) = -2*i**3 - 16*i**2 + 61*i + 7. Let n(o) = o**3 + 8*o**2 - 30*o - 3. Let d(y) = 5*n(y) + 3*u(y). Determine d(-11).
6
Let i be (-4)/28 - ((-969)/21 - -6). Suppose 0 = -d + 2*u + 1, 0 = -2*d + 6*d + 4*u - i. Let h(v) = -v**3 + 8*v**2 - 5*v - 2. What is h(d)?
12
Let h = 27 - 10. Let l be 2 - (h/(-5) + 18/45). Let m(n) = 4*n**2 + l*n + 3*n - 1 + 3*n**2 + n**3 - 5*n. Give m(-6).
17
Suppose -57*o - 129*o = 930. Let i(v) = v**3 + 3*v**2 - 2*v + 6. Calculate i(o).
-34
Let b(m) be the first derivative of m**4/4 - 25*m**3/3 + 12*m**2 + 15*m - 4633. Give b(24).
15
Let t(y) = -2*y + 11. Let j = 249 + -255. Let z(r) = r**3 + 7*r**2 + 5*r + 2. Let d be z(j). Determine t(d).
-5
Let l(t) = 18*t - 3*t**3 - 3 - 24 + 5*t**2 - 29*t + 3*t**3 + t**3. What is l(-6)?
3
Suppose 30 = -5*b - 0. Suppose 0 = 55*j - 56*j - 3. Let z(w) = w**2 - 8*w - 6. Let q(p) = -2*p**2 + 9*p + 6. Let v(g) = j*z(g) - 2*q(g). Determine v(b).
6
Let h = 17232 + -17226. Let z(f) = f**2 - 2*f - 9. Determine z(h).
15
Let j(l) be the third derivative of l**4/3 + 2*l**3/3 - 8*l**2 + 283. Suppose 0 = 5*d + 4*n + 12, 3*d - 3*n = n - 20. What is j(d)?
-28
Let q(v) = -2*v - 6. Suppose -4*c - 17 = -3*j, -6*j + 6 = -2*j + 3*c. Let l be -11 + j/(-1)*-2. Calculate q(l).
4
Suppose -3*k + 2*d + 6 = -d, -5*k - d + 10 = 0. Let t(n) = 102*n - n**k + 0*n**2 - 97*n. Suppose -w - 4*v = 1 + 11, 0 = -2*w - v + 4. Calculate t(w).
4
Let p = 15 - 9. Let s = 100 - 98. Suppose 4 = -s*z - p. Let t(c) = c - 1. Calculate t(z).
-6
Let v(o) = -3*o**2 + 0*o - 129*o - 115*o - 1 + 244*o. Let t = -1 + 2. Let p be (-1 - (-2)/1)/t. Determine v(p).
-4
Let w(c) be the third derivative of 7*c**5/60 + 7*c**4/8 + c**3/3 + 392*c**2. Give w(-5).
72
Let d(j) = 2*j - 30. Suppose -3*z = 4*f - 22 - 27, -63 = -3*f + 3*z. Let s be d(f). Let l(g) = 8 + g - 2*g - g**s + 10*g - 3*g. Calculate l(7).
1
Let s(o) = -10*o**2 + 12 + 3*o + 7*o**2 + 0. Let p(x) = -x**2 + x + 2. Let y(h) = -4*p(h) + s(h). Determine y(3).
10
Let p(q) be the third derivative of -5*q**4/24 + q**3/3 + 73*q**2 - 90*q. Suppose 3*b = -x + 7, -2*x = -x + 5*b - 9. Give p(x).
-18
Let z(r) = r**2 + r - 4. Let d be (-5 - (-426)/4)*2. Let c = 203 - d. Calculate z(c).
-4
Let q(y) = -y**2 + 6*y - 10. Let c be q(2). Let o be (c/(-6))/(((-4)/6)/(-2)). Let w(x) = -15*x + 1. Calculate w(o).
-14
Let a(v) = -4*v - 70. Let c(y) = -y**3 - 6*y**2 + 291*y + 1464. Let u be c(-5). Calculate a(u).
-6
Let v(g) = -24 + 0 - 352*g**2 + 351*g**2 + 80*g - 96*g. Determine v(-13).
15
Let h(t) = 3*t**3 + 54*t**2 - 12*t - 37. Let o(i) = i**3 + 16*i**2 - 4*i - 12. Let w(b) = 2*h(b) - 7*o(b). Give w(-2).
-6
Let d(y) be the first derivative of 11*y**2/2 - 6*y + 2. Let l be d(4). Suppose -l - 16 = -9*g. Let w(i) = -i**3 + 7*i**2 - 5*i + 1. Calculate w(g).
7
Let s(t) = 3*t**3 + t**2. Let u be s(2). Suppose -4*h + 0*p = 2*p - u, 4 = -p. Let j(y) = 2 - 1 - h - y. Calculate j(-10).
2
Let o(v) = v**3 + 6*v**2 + 78*v + 945. Let r be o(-9). Let y(k) be the second derivative of 1/20*k**5 - 1/2*k**3 + r + k**2 - 50*k - 1/4*k**4. Calculate y(4).
6
Let w(b) be the third derivative of -b**6/30 + 6*b**2. Let h be w(1). Let k be 1/(h + 5)*-2. Let f(g) = 5*g + 3. Give f(k).
-7
Let i(u) = 4*u**2 + 24*u + 9. Let g(t) = t**2 + 8*t + 26 - 7 - 16 + 0*t**2. Let m(q) = 7*g(q) - 2*i(q). What is m(8)?
3
Suppose 0 = -3*k - 2*n + 4, 0*k - 3*k = 5*n - 10. Suppose q + 4*m - 4 = k, 5*m + 30 = 4*q + 7*m. Let a(y) = y**3 - 9*y**2 + 6*y + 3. Determine a(q).
-13
Suppose -325*m + 24 = -15 - 286. Let t(o) = 18*o**2 - o. What is t(m)?
17
Let s(t) = -9*t - 26. Let w(a) = -a**2 - 60*a + 466. Let i be w(7). Determine s(i).
1
Let u(o) = -133 + 540 - o - 138 - 138 - 136. Determine u(6).
-11
Let m(d) = -2*d**3 - 4*d**2 + 2. Let k = 4437 + -4440. Calculate m(k).
20
Suppose 8*l + 30 = 2*l. Let k(z) = -6*z**3 - 4*z**2 + 6. Let p(j) = 5*j**3 + 3*j**2 + j - 5. Let n(c) = -6*k(c) - 7*p(c). What is n(l)?
-16
Let h(b) = 2*b + 45. Suppose -p + 7 = -48*r + 43*r, -5*p = -4*r + 70. What is h(p)?
9
Let z be -8 - (-7)/(14/6). Let u be 7*1 - (z - -9). Let h(t) = 9*t - 1. Let v(q) = -20*q + 2. Let l(w) = 9*h(w) + 4*v(w). Calculate l(u).
2
Let c = -2852 + 2840. Let b(w) = -2*w**2 - 27*w - 18. Determine b(c).
18
Suppose 0 = z + 2*q - 1, 5*z + 25 = -4*q + 9*q. Let x be (-4)/(-5)*z/(12/10). Let v(a) be the second derivative of -a**4/4 - a**3/2 - a**2 - a. Calculate v(x).
-8
Let v(k) = -2*k**2 - 10*k - 21. Let j(z) = -z**2 - 5*z - 11. Let m(u) = 11*j(u) - 6*v(u). Let s(p) = -3*p**3 + 62*p**2 - 42*p + 36. Let r be s(20). Give m(r).
1
Let o(y) be the second derivative of -y**4/12 + y**3/6 - y**2 - 39*y + 2. Let i(c) = -3*c**2 - 3*c - 11. Let m(u) = i(u) - 4*o(u). Give m(7).
-3
Let b(i) = -90*i**2 + 95*i**2 + 23*i - i**3 + 73 - 31*i - 18. Calculate b(5).
15
Let k(n) = -12*n - 9. Suppose -u = 5, 3*f - 3*u - 86 + 83 = 0. What is k(f)?
39
Let w(b) = 35*b + 43. Let y(u) = -u**2 + 75*u + 86. Let a(s) = 5*w(s) - 2*y(s). Calculate a(-10).
-7
Let r(f) = f**3 + 2*f**2 - 2*f + 2. Let a(s) = -21*s**2 + 4*s + 35. Let m(v) = 4*v**2 - v - 7. Let y(z) = 2*a(